/(-12). Suppose -8 = -j - p. Suppose -3*v + 52 = -2*q, 0*v + 3*q = -j*v + 26. What is the units digit of v?
6
Let n = 205 - 108. Suppose -n = -2*x + 73. What is the units digit of x?
5
Suppose 5*m = -5, 6*p - 4*m = 9*p - 62. What is the tens digit of p?
2
Suppose 1 + 9 = 5*o. Suppose 0 = -o*y + 4*y - 6. Suppose -15 = -y*m, k - 107 = -3*k + m. What is the units digit of k?
8
Let u = -28 - -34. Let z(k) = k**3 - 6*k**2 + 2*k + 14. What is the tens digit of z(u)?
2
Let q = -13 + 17. Let y = 13 - 8. Suppose -2*p + 48 = -u, -q*p + y*u = -50 - 52. What is the tens digit of p?
2
What is the tens digit of (-1 - 9)/(0 + (-5)/195)?
9
Let l(t) = -t**3 + 31*t**2 + 2*t - 19. What is the thousands digit of l(-6)?
1
Let v = -49 - 5. What is the tens digit of (72/v)/(4/(-534))?
7
Suppose -m = -5*q + 244, 4*q - 4*m = -m + 193. Suppose -148 = -4*l + 172. Let n = l - q. What is the tens digit of n?
3
Let g(l) = 51*l - 13. Let y be g(4). Let m = y + -110. What is the units digit of m?
1
Suppose 15894 = -62*p + 71*p. What is the hundreds digit of p?
7
Let g = -88 - -133. Let j = g - -47. What is the units digit of j?
2
Let k be ((-692)/(-6))/(12/9 - 2). Let u = k + 276. What is the tens digit of u?
0
Let a(i) be the third derivative of -i**5/60 + i**4/4 + 5*i**3/3 + i**2. Let h be (-26)/(-4) - 2/(-4). What is the units digit of a(h)?
3
Let r = -29 + 32. Suppose -r*s + 100 - 52 = 0. What is the tens digit of s?
1
Let q(s) = 5*s**3 - 3*s + 4*s**2 - 4*s**3 + s + 3. Let t = 85 - 89. What is the tens digit of q(t)?
1
What is the tens digit of (1/(-2))/(13/(-1482))*15?
5
Let k(f) = f**3. Let l(u) = -u**3 - 2*u**2 + 3*u + 4. Let x(j) = 2*k(j) + l(j). What is the units digit of x(3)?
2
Suppose -3*i + 29 = 11. Let w(p) = 7*p**2 - 6*p - 3. What is the hundreds digit of w(i)?
2
Suppose -3*w - z = -13, -w + 5*z = z - 13. Suppose -4*f - f + w = 0. What is the units digit of (-3 - -1 - -35)*f?
3
Let p = -21 - -29. Suppose -n + p = -3. Suppose -8*q - n = -9*q. What is the units digit of q?
1
Let r = 10 + -5. What is the units digit of (r/10)/(658/328 + -2)?
2
Let g be (-125)/5*16/(-10). Suppose 0 = y + 4 - g. Suppose 9 + y = 3*t. What is the units digit of t?
5
Let m = 308 - -39. What is the units digit of m?
7
Suppose 3*p - 3 = 9. Suppose -4*f - 2*n - 48 = 2*n, p*f - 2*n + 36 = 0. Let t = f - -11. What is the units digit of t?
1
Let v(r) be the first derivative of r**2 - 10*r + 2. Suppose -5*h = -2 + 7, 2*q = h + 29. What is the units digit of v(q)?
8
Suppose -2*r - 6*r = 7*r. Suppose g - 17 = -g - 3*m, -3*m = 5*g - 29. Suppose g*b - 71 - 153 = r. What is the units digit of b?
6
Suppose -3967*k = -3958*k - 12717. What is the thousands digit of k?
1
Let m(h) = 3*h**2 - 9*h - 22. What is the tens digit of m(14)?
4
Let o = -109 - -113. Suppose -o*z = -140 - 920. What is the tens digit of z?
6
Let q be -3 + -3 + (-150)/(-2). Let j = q - 20. What is the units digit of j?
9
Suppose 0 = -6*p + 15706 - 928. What is the tens digit of p?
6
Let i = 25 + -20. Suppose i = -2*g + 3*g. Suppose 287 + 23 = g*u. What is the tens digit of u?
6
Let w be 4/5 - (-726)/5. Suppose -2*b + w + 276 = 0. What is the tens digit of b?
1
Let n(m) = -m**3 + 2. Let k be n(0). Let p(w) = 6*w + 0*w**2 - 4*w**k + 2 + 3*w**2. What is the units digit of p(6)?
2
Suppose 4*t - 84 + 0 = 0. Let n be 1 + 3 + (t - -5). What is the units digit of ((-20)/n)/(4/(-18))?
3
Let v = 1229 - 788. What is the tens digit of v?
4
Suppose 0 = 3*t + z - 2974, -4*z + 338 = t - 668. What is the tens digit of t?
9
Let l(u) = -u**2 + 8 - 7*u**2 - 16*u - 3*u**3 + 2*u**3 - 6*u**2. What is the tens digit of l(-13)?
4
What is the units digit of (-87241)/(-42) - 70/60?
6
Suppose 1736 = -9*k + 4688. What is the units digit of k?
8
Let p = 13504 - 6932. What is the units digit of p?
2
Let p(n) = 26*n + 1. What is the units digit of p(6)?
7
Suppose -4*f + 22 = -2*m, 5*f + 6*m = 2*m - 5. Suppose -3*a - 12 = 0, -2*t = -7*a + f*a - 232. What is the tens digit of t?
0
Suppose -1161*d + 3796 = -1157*d. What is the units digit of d?
9
Let f be ((-4)/(-6))/((-4)/(-18)). Suppose -3*c + j + f*j = -432, c + j - 137 = 0. Suppose -5*s + 380 - c = 0. What is the units digit of s?
8
Let b = -19 - -24. Suppose b*g + 3*z = -16, -g + 4*g + 6 = -3*z. What is the tens digit of 546/30 + 1/g?
1
Suppose -6*k + 3*k = t - 1532, -2*k + 4*t + 1012 = 0. What is the hundreds digit of k?
5
Suppose -9*c + 508 = -3812. What is the hundreds digit of c?
4
What is the hundreds digit of (1528/((-16)/8))/(-2)?
3
Let f = -568 + 1255. What is the units digit of f?
7
Let k = 0 + 7. Suppose 3*n - k = 2*n - 3*v, v - 50 = -4*n. Let l = n - 9. What is the units digit of l?
4
Let f be ((-8)/(-4) - 5) + 35. Let j = f - 29. Suppose -3*q - 5*w = -3*w - 52, j*q - 3*w - 27 = 0. What is the tens digit of q?
1
Suppose 0*h = 2*o + 5*h - 229, 0 = 3*o + 3*h - 339. Let f = -51 + o. What is the units digit of f?
1
Let p(m) be the first derivative of m**3/3 + m**2/2 - 2*m - 2. What is the units digit of p(3)?
0
Let l(q) = 154*q**2 + 5*q - 22. What is the tens digit of l(3)?
7
Let c(u) = 3*u**2 - 42*u + 217. What is the tens digit of c(29)?
2
What is the tens digit of (-5 + -5)/5*-610?
2
Suppose j = -3*m + 387, -2*j + 125 = -5*m + 770. Suppose c = -0*c + m. What is the tens digit of c?
2
Suppose -4*g + 27*u = 30*u - 3727, 5*u + 4615 = 5*g. What is the units digit of g?
8
Let s = 613 + -301. What is the units digit of s?
2
Suppose 2*z + 2*u + 8 = 0, -4 + 2 = 2*u. Let x = 8 + z. Suppose 6 = -3*o + x*o. What is the units digit of o?
3
Suppose 18*a = 5*a + 52. Suppose -10*n + 5*n + 83 = d, -62 = -a*n - 3*d. What is the units digit of n?
7
Suppose 17 = 3*z + 4*k - 44, -2*z - 2*k + 42 = 0. Suppose z*s = 20*s + 231. What is the units digit of s?
7
Let i(x) = -4*x**2 + x + 2. Let o be i(2). Let t be 40/((-32)/o - 2). Suppose -t = -2*w - 2*c, w - 12 = -4*c + 12. What is the tens digit of w?
3
Let i(x) = -x**2 + 5*x + 14. Let q be i(6). Suppose -7*n - 121 = -q*n. What is the units digit of n?
1
Let d(c) = 10*c + 43 - 9*c - 9*c - 8*c. What is the hundreds digit of d(-9)?
1
Let n(z) = -z**3 - 4*z**2 - 5*z + 24. What is the tens digit of n(-6)?
2
Suppose -t + 3*j = -0*j + 17, 0 = -2*t + 5*j - 29. What is the units digit of (460/(-8))/5*t?
3
Suppose 0 = -y + 3*b + 261, -5*y + 4*b + 788 = -561. What is the units digit of y?
3
Let s = -117 + 164. Let r = s - -52. Suppose -26 = -5*x + r. What is the units digit of x?
5
Let t(h) be the first derivative of -h**4/12 + 3*h**2 + 2*h + 2. Let o(q) be the first derivative of t(q). What is the units digit of o(0)?
6
Let d be (10 + -6)*-3*(-16)/6. Suppose d*q + 267 = 35*q. What is the tens digit of q?
8
Let q(m) = -11*m - 5. Suppose -4 = -a - 0*a, -4*a = -3*b - 31. What is the tens digit of q(b)?
5
What is the tens digit of -835*18/(-30) - 0/1?
0
Let w(k) = k + 26. Let m be w(-26). Suppose 5*t = -3*l - m*t + 435, 3*l - 2*t = 435. What is the tens digit of l?
4
Suppose 9*s = -3*s + 48048. Suppose o = -13*o + s. What is the units digit of o?
6
Let o = 2774 - 1071. What is the thousands digit of o?
1
Suppose -51 = 3*d + 3*c, c + 4*c = -2*d - 40. Let l = 9 - 14. What is the units digit of (-3)/l + (-756)/d?
1
Let r = 1567 + -671. What is the hundreds digit of r?
8
Suppose 22 = 3*k - 5*g, -4*k = -5*g - 29 + 3. Suppose 0 = -k*z + 4*t + 196, 3*z + 2*t - 68 = 64. What is the units digit of z?
6
Suppose 4*c - 4 = -d, 6 = 2*c + 5*d - 14. Let u be (0 - c - -3)/1. Suppose u*n = j + 2*j + 168, 0 = 5*n + 5*j - 310. What is the units digit of n?
9
What is the hundreds digit of -2 - (-665 - (-5 + 5 + 0))?
6
Let q(x) = -2*x**3 - x + 4. Let f be q(0). Suppose -4*k + 17 = -0*k + 5*m, -f = -4*m. What is the units digit of k?
3
Suppose -83 = -35*m + 14057. What is the tens digit of m?
0
What is the tens digit of (10 + -8)/(-2) + 8130/3?
0
Let f(w) = -w**2 + 9*w - 1. Let r be f(7). Let i(g) = -r - g + 55*g**2 + 20 - 8. What is the units digit of i(-1)?
5
Suppose 119*w - 110*w = 1620. What is the tens digit of w?
8
Let z be ((-60)/(-40))/((-2)/(-4)*-1). What is the units digit of (-1)/(1*z/261)?
7
Let v(w) = w**3 + 44*w**2 - 47*w + 391. What is the thousands digit of v(-44)?
2
Let q(o) = 4*o**3 - 55*o**2 + 12*o + 51. What is the thousands digit of q(17)?
4
Let o = -3448 + 6481. What is the hundre